inder when h is divided by w?
30
Suppose 0 = -97*q + 91*q + 1680. Suppose -2*c - q = -37*c. Calculate the remainder when 17 is divided by c.
1
Suppose -519 = -58*w + 1480 + 205. Calculate the remainder when 642 is divided by w.
34
Let x be 4/10 + (-2 - (-36)/10). Suppose -k - 3*r - 15 = -x*k, 10 = 4*k - 2*r. Let i(a) = a + 4. What is the remainder when 9 is divided by i(k)?
1
Suppose 483*x + 16 = 487*x, 0 = -5*h - 4*x + 376. Calculate the remainder when h is divided by 24.
0
Let n = -205 + 177. Let s(r) = r**3 + 26*r**2 - 57*r - 5. What is the remainder when 40 is divided by s(n)?
17
Let l = 108 + -106. Let k(n) = -7*n + 159 + 3*n**3 - n**3 - 2*n**l - 152. What is the remainder when 107 is divided by k(3)?
19
Suppose 3*s = 9, 201*s - 200*s = -5*m + 1858. Calculate the remainder when m is divided by 183.
5
Let m(q) = 63*q**2 - 110*q + 316. Calculate the remainder when m(3) is divided by 88.
25
Let u(l) = 185 - 180 - 34*l - 13*l. What is the remainder when u(-2) is divided by 15?
9
Let b(n) = -11*n**3 - 2*n**2 - 2*n - 1. Let w be b(-1). Suppose w = 4*s - 22. Let d(p) = p**2 + 79*p + 159. Calculate the remainder when s is divided by d(-2).
3
Let q(k) = 10*k**3 + 29 + 114 - 109*k - 9*k**3 - 32*k**2 + 170*k. What is the remainder when q(30) is divided by 53?
14
Suppose -22*o - 9236 = -10776. Calculate the remainder when 417 is divided by o.
67
Let m(l) = l**2 + 10*l + 31. Let a = 153 + -157. Calculate the remainder when 36 is divided by m(a).
1
Let f = -347 + 521. Let w be -1 - f/(-9)*(-114)/(-4). Suppose 11*x - w = x. Calculate the remainder when x is divided by 14.
13
What is the remainder when 179 is divided by (38/(-4))/(33/(-264))?
27
Suppose -15674 + 2698 - 2604 = -205*o. Suppose 0 = 5*w + 2*c - c - 103, 0 = w - 4*c - 8. Suppose 0*l - l = -w. Calculate the remainder when o is divided by l.
16
Let v(f) = -19*f - 323. Let u be v(-17). Suppose 3*k + 171 - 930 = u. Calculate the remainder when k is divided by 32.
29
Suppose -12629 - 15910 = -233*t - 220*t. Calculate the remainder when 4656 is divided by t.
57
Suppose 5*l + 8 + 17 = -5*j, 12 = -2*j - 3*l. Let a be j*((-8)/36)/((-2)/(-174)). Suppose 0 = 5*d - a - 7. Calculate the remainder when d is divided by 10.
3
Let p(q) = -425*q + 4285. Calculate the remainder when 38 is divided by p(10).
3
Suppose -3 = -3*f + 6. Calculate the remainder when (-30)/(-360) + 2150/120 - -1 is divided by f.
1
Let f(u) = 14*u + 7. Let r be 4/(-24)*3*-16. Let h = -2 - -26. Calculate the remainder when f(r) is divided by h.
23
Let i(j) = j**3 + 21*j**2 + 5*j + 46. Let k be i(-21). Let o = k - -63. Calculate the remainder when 16 is divided by o.
0
Suppose 3*u - 5*u = -6. Suppose 4*i + 3 = -a, -3*i = -a - u*a + 26. Suppose 28 = 5*m + a*l - l, l - 18 = -4*m. Calculate the remainder when m is divided by 1.
0
Let t = 6 + -3. Suppose 0 = l - t*l - 3*a + 304, 3*l = -2*a + 461. Let y = 1229 + -1177. Calculate the remainder when l is divided by y.
51
Suppose 0 = 66*h + 37*h - 32063 - 897. What is the remainder when 992 is divided by h?
32
Let m(b) = 19*b**2 - 18*b - 246. What is the remainder when m(-13) is divided by 20?
19
Let h(y) = y**2 - 54*y - 246. Calculate the remainder when 901 is divided by h(59).
19
Suppose -10*j - 3168 = 17*j - 379*j. Let t = -62 + 138. Calculate the remainder when t is divided by j.
4
Let x = 205 + -202. Suppose c - y = -4*y - 7, -27 = -3*c + x*y. What is the remainder when c is divided by 1?
0
Let h(d) = 22*d + 240. Let o be (16/(-10))/((-26)/(-130)). Calculate the remainder when 191 is divided by h(o).
63
Suppose -4*v = -16 - 24. What is the remainder when (v/2 - -1127) + (-4)/(-4) is divided by 21?
20
Let y(j) be the first derivative of j**2/2 + 17*j + 60. What is the remainder when 518 is divided by y(-4)?
11
Suppose 0 = -80*q + 77*q + 5*f + 137, 4*q - 3*f - 201 = 0. What is the remainder when q is divided by 13?
2
Suppose 24*z - 3726 = -57*z. Calculate the remainder when 542 is divided by z.
36
Let l(q) = -7*q + 100. Let y be l(21). Let v = 59 + y. Calculate the remainder when 42 is divided by v.
6
Let a be 1/((-2)/(-102)*(-9)/6). Let f = a - -28. Let x = f - -45. What is the remainder when x is divided by 5?
4
Suppose 261090 = 213*r - 123*r. Calculate the remainder when r is divided by 224.
213
Suppose 0 = 10*l + 5*v - 530, 5*v = -5*l - 58 + 323. What is the remainder when 1229 is divided by l?
10
Let g(t) = 6*t**2 + 669 - 1337 - t + 666 - t**2. Calculate the remainder when 26 is divided by g(-1).
2
Suppose 0 = -21*l + 20*l. Let r(b) = -b**3 + 7*b + 51. Calculate the remainder when r(l) is divided by 15.
6
Let c = 2794 - 2751. Calculate the remainder when 622 is divided by c.
20
Let l(x) = -2702*x**3 - x**2 - 6*x - 6. What is the remainder when l(-1) is divided by 104?
101
Suppose 0 = -50*s + 47*s + 30*s - 25164. What is the remainder when 2810 is divided by s?
14
Let p(r) = -4*r. Let y be p(0). Suppose -24 = -2*d - y. Let g = 78 - d. Calculate the remainder when g is divided by 23.
20
Let k(h) = -36*h + 3537. Calculate the remainder when 6207 is divided by k(97).
42
Let r be 12/(-7) + 2/(-7). Let c be 493/153 + r*(-2)/(-18). Suppose -2*p = a - 3, 3*p - c - 4 = -4*a. Calculate the remainder when 3 is divided by a.
0
What is the remainder when 1982 is divided by (96/(-10))/((-17)/((-1700)/(-30)))?
30
Let t = 30547 - 30078. Calculate the remainder when 1001 is divided by t.
63
Suppose -33*l + 3553 = 53*l - 67*l. Calculate the remainder when l is divided by 72.
43
Let b = -360 - -363. What is the remainder when 280 is divided by (1 - 0)*b*(-2820)/(-90)?
92
Suppose -o + 118 = 2*t, 5*o = 5*t - 109 + 609. What is the remainder when 3068 is divided by o?
100
Let j = -200 + 533. Calculate the remainder when 163 is divided by (j/(-185))/((-3)/20).
7
Let g = -6235 - -6305. What is the remainder when 1469 is divided by g?
69
Let z = -177 + 239. Suppose -7*x + z = 20. Calculate the remainder when 17 is divided by x.
5
Suppose 252 + 183 = -4*j - 5*s, -4*j - s = 423. Let b(z) = -6*z - 25. Let r be b(9). Let a = r - j. What is the remainder when a is divided by 21?
5
Suppose -5 = 5*c, -4*w - c + 6*c = -125. Suppose -w*p - 304 = -34*p. What is the remainder when p is divided by 11?
10
Let g(a) = 102*a**2 - 7 + 6 - 85*a**2 + a. Let u(o) = 25*o - 6. What is the remainder when u(5) is divided by g(-1)?
14
Let c(v) = -v**3 + 6*v**2 - v + 1. Suppose 19*b - 279 = -70. Let o = 46 + b. What is the remainder when o is divided by c(4)?
28
Suppose 3*n = -0*n - 168. Let m = 2035 - 1964. Calculate the remainder when m is divided by 0 + (2 + n)/(-3).
17
Suppose 3*p - 3*k - 188 = -59, -4*p - k = -152. Let l(n) = -n**2 - 13*n - 37. Calculate the remainder when p is divided by l(-6).
4
Suppose -28 = -3*y - y. Let p(v) = v**3 - 3*v**2 - 981*v + 4873. What is the remainder when p(5) is divided by y?
4
Let g = -17397 + 19802. What is the remainder when g is divided by 43?
40
Suppose -4*z - 2*b + 2 = -4*b, -b = -z + 2. What is the remainder when 104 is divided by (-38)/(1*(-4 + z + 3))?
9
Let x be (-3)/(-3)*2*-3. Suppose -17*g + g + 756 = -6*g + 11*g. Calculate the remainder when g is divided by (x/4)/(6/(-32)).
4
Let b be 2/6 + (-224)/(-48). Suppose -4*a = 3*z - 178, 9*z = b*z - 4*a + 244. Calculate the remainder when z is divided by 23.
20
Let f = 1415 - 1170. What is the remainder when f is divided by 19?
17
Suppose -c = -3*h + 9, -3*c - 15 + 0 = -5*h. Suppose -q + 98*u - 100*u = -9, -4*u = 3*q - 39. What is the remainder when q is divided by h?
0
Let d(v) = 5*v + 92. What is the remainder when d(9) is divided by 35?
32
Suppose -4*r + 22 = -2*r. Let h(o) = 2*o**3 - 6*o**2 + 3*o - 8. Let g be h(5). Let k = -101 + g. What is the remainder when r is divided by k?
5
Let i be (80/14)/((176/(-56))/(-11)). What is the remainder when 113 is divided by 4 - -1*-12*(-15)/i?
9
Let y = -5 + 13. Let j be 0 - 4383/(-57) - (-54)/513. Suppose y*k = k + j. What is the remainder when 52 is divided by k?
8
Suppose 52 = -4*a + 2*n + 352, 2*n = 5*a - 373. Calculate the remainder when a is divided by 34.
5
Let b = -7485 - -9683. Calculate the remainder when b is divided by 201.
188
Let j = -1 - -3. Suppose -126 = -j*w - 38. Let i = -15 + w. Calculate the remainder when i is divided by 16.
13
Suppose -2*r + 3*d = -2 - 1, -3*r + 10 = d. Suppo